{"id":2101,"date":"2024-02-29T12:42:10","date_gmt":"2024-02-29T17:42:10","guid":{"rendered":"https:\/\/sirleymontoya.com\/?post_type=product&#038;p=2101"},"modified":"2025-02-13T20:11:06","modified_gmt":"2025-02-14T01:11:06","slug":"bolso-aurora","status":"publish","type":"product","link":"https:\/\/sirleymontoya.com\/index.php\/product\/bolso-aurora\/","title":{"rendered":"Bolso Aurora"},"content":{"rendered":"<p>Est\u00e1 Inspirada en mujeres todo terreno, madres de familia, emprendedoras, oficinistas, estudiantes, viajeras frecuentes. Mujeres que salen de casa por la ma\u00f1ana y regresan por la noche. La cartera Aurora fue dise\u00f1ada para hacerlas sentir aut\u00e9nticas y seguras, gracias a los cierres de seguridad en su exterior.<\/p>\n<p>Aurora tiene la capacidad para guardar un PC de 14 pulgadas, es resistente al peso y puede ser usado de dos formas.<\/p>\n<ul>\n<li>Producto 100% colombiano<\/li>\n<li>Elaborado en PVC, material que no se pela, ni se descascara<\/li>\n<li>Herrajes de excelente calidad<\/li>\n<li>Incluye monedero y correa<\/li>\n<\/ul>\n","protected":false},"excerpt":{"rendered":"<p>Medidas:<\/p>\n<ul>\n<li>Altura: 26cm sin manija<\/li>\n<li>Ancho: 34cm<\/li>\n<li>Superficie: 11,5cm<\/li>\n<\/ul>\n<p>Nuestros bolsos est\u00e1n elaborados con materiales de alta calidad, material de PVC resistentes al agua y calor, f\u00e1ciles de limpiar, y de larga duraci\u00f3n (No se pelan ni se descascar\u00e1n). Usamos materiales sostenibles, contribuyendo as\u00ed con nuestro planeta y previniendo el maltrato animal.<\/p>\n<p>Elaborados en Colombia, por artesanos colombianos.<\/p>\n","protected":false},"featured_media":2104,"comment_status":"open","ping_status":"closed","template":"","meta":{"om_disable_all_campaigns":false,"_monsterinsights_skip_tracking":false,"_monsterinsights_sitenote_active":false,"_monsterinsights_sitenote_note":"","_monsterinsights_sitenote_category":0,"_joinchat":[]},"product_cat":[53],"product_tag":[70,75,74,73],"class_list":{"0":"post-2101","1":"product","2":"type-product","3":"status-publish","4":"has-post-thumbnail","6":"product_cat-bags","7":"product_tag-bolso","8":"product_tag-bolso-grande","9":"product_tag-bolso-mujer","10":"product_tag-mujer","12":"first","13":"instock","14":"shipping-taxable","15":"purchasable","16":"product-type-variable"},"aioseo_notices":[],"jetpack_sharing_enabled":true,"_links":{"self":[{"href":"https:\/\/sirleymontoya.com\/index.php\/wp-json\/wp\/v2\/product\/2101","targetHints":{"allow":["GET"]}}],"collection":[{"href":"https:\/\/sirleymontoya.com\/index.php\/wp-json\/wp\/v2\/product"}],"about":[{"href":"https:\/\/sirleymontoya.com\/index.php\/wp-json\/wp\/v2\/types\/product"}],"replies":[{"embeddable":true,"href":"https:\/\/sirleymontoya.com\/index.php\/wp-json\/wp\/v2\/comments?post=2101"}],"wp:featuredmedia":[{"embeddable":true,"href":"https:\/\/sirleymontoya.com\/index.php\/wp-json\/wp\/v2\/media\/2104"}],"wp:attachment":[{"href":"https:\/\/sirleymontoya.com\/index.php\/wp-json\/wp\/v2\/media?parent=2101"}],"wp:term":[{"taxonomy":"product_cat","embeddable":true,"href":"https:\/\/sirleymontoya.com\/index.php\/wp-json\/wp\/v2\/product_cat?post=2101"},{"taxonomy":"product_tag","embeddable":true,"href":"https:\/\/sirleymontoya.com\/index.php\/wp-json\/wp\/v2\/product_tag?post=2101"}],"curies":[{"name":"wp","href":"https:\/\/api.w.org\/{rel}","templated":true}]}}