{"id":2266,"date":"2024-05-23T17:31:49","date_gmt":"2024-05-23T22:31:49","guid":{"rendered":"https:\/\/sirleymontoya.com\/?post_type=product&#038;p=2266"},"modified":"2024-10-03T08:35:07","modified_gmt":"2024-10-03T13:35:07","slug":"billetera-amatista-2","status":"publish","type":"product","link":"https:\/\/sirleymontoya.com\/index.php\/product\/billetera-amatista-2\/","title":{"rendered":"Billetera Amatista"},"content":{"rendered":"<p>Descubre nuestras elegantes billeteras minimalistas fabricadas en duradero material PVC.<\/p>\n<p>Dise\u00f1adas para brindarte comodidad y estilo, nuestras billeteras son la opci\u00f3n perfecta para quienes buscan practicidad sin renunciar al dise\u00f1o.<\/p>\n<p>Altura 8cm<\/p>\n<p>Ancho 10,5 cm<\/p>\n<p>\u00a1Hazte ya con la tuya y simplifica tu d\u00eda a d\u00eda con estilo!<\/p>\n<p>&nbsp;<\/p>\n<p>&nbsp;<\/p>\n","protected":false},"excerpt":{"rendered":"<p>Descubre nuestras elegantes billeteras minimalistas fabricadas en duradero material PVC. Dise\u00f1adas para brindarte comodidad y estilo, nuestras billeteras son la opci\u00f3n perfecta para quienes buscan practicidad sin renunciar al dise\u00f1o. Altura 8cm Ancho 10,5 cm \u00a1Hazte ya con la tuya y simplifica tu d\u00eda a d\u00eda con estilo! &nbsp; &nbsp;<\/p>\n","protected":false},"featured_media":2276,"comment_status":"open","ping_status":"closed","template":"","meta":{"om_disable_all_campaigns":false,"_monsterinsights_skip_tracking":false,"_monsterinsights_sitenote_active":false,"_monsterinsights_sitenote_note":"","_monsterinsights_sitenote_category":0,"_joinchat":[]},"product_cat":[54],"product_tag":[],"class_list":{"0":"post-2266","1":"product","2":"type-product","3":"status-publish","4":"has-post-thumbnail","6":"product_cat-women","8":"first","9":"instock","10":"shipping-taxable","11":"purchasable","12":"product-type-variable"},"aioseo_notices":[],"jetpack_sharing_enabled":true,"_links":{"self":[{"href":"https:\/\/sirleymontoya.com\/index.php\/wp-json\/wp\/v2\/product\/2266","targetHints":{"allow":["GET"]}}],"collection":[{"href":"https:\/\/sirleymontoya.com\/index.php\/wp-json\/wp\/v2\/product"}],"about":[{"href":"https:\/\/sirleymontoya.com\/index.php\/wp-json\/wp\/v2\/types\/product"}],"replies":[{"embeddable":true,"href":"https:\/\/sirleymontoya.com\/index.php\/wp-json\/wp\/v2\/comments?post=2266"}],"wp:featuredmedia":[{"embeddable":true,"href":"https:\/\/sirleymontoya.com\/index.php\/wp-json\/wp\/v2\/media\/2276"}],"wp:attachment":[{"href":"https:\/\/sirleymontoya.com\/index.php\/wp-json\/wp\/v2\/media?parent=2266"}],"wp:term":[{"taxonomy":"product_cat","embeddable":true,"href":"https:\/\/sirleymontoya.com\/index.php\/wp-json\/wp\/v2\/product_cat?post=2266"},{"taxonomy":"product_tag","embeddable":true,"href":"https:\/\/sirleymontoya.com\/index.php\/wp-json\/wp\/v2\/product_tag?post=2266"}],"curies":[{"name":"wp","href":"https:\/\/api.w.org\/{rel}","templated":true}]}}